. Let j(g) = -g**3 - 22*g**2 + 21*g - 41. Give j(r).
5
Let f be (-8)/6*(-6 + (-189)/(-36)). Let i(g) = 24*g**3 - f - 10*g**3 - 13*g**3 - 2*g + g + 2*g**2. Calculate i(-3).
-7
Suppose 5*a + 2*l = -0 + 36, -l = 3*a - 22. Let p(x) = a + 0 - 11 + x + x. Suppose -3*i - 5*g = 6, -2*g - 5 = -i + 4. What is p(i)?
3
Let f(b) = -48*b + 4 + 93*b - 3 - 44*b + 4. Calculate f(-26).
-21
Suppose 18 = 54*r - 90. Let s(x) = -x**2 + 6*x. Give s(r).
8
Let i(d) = d - 1. Let y(g) = g**3 + 8*g**2 + 18*g + 24. Let l be y(-3). What is i(l)?
14
Suppose 4*f - 28 = 3*p, f - 33 = 4*p - 0*f. Let d(j) = 4 + 39*j + 37*j + 36*j - 113*j. Calculate d(p).
12
Let q(r) = -2*r**3 - r**2 + 31*r - 2. Let k(b) = -11*b**3 - 9*b**2 + 195*b - 43. Let d(g) = -k(g) + 6*q(g). Calculate d(5).
-64
Let v(g) be the third derivative of g**6/120 - 11*g**5/30 + 9*g**4/8 - 20*g**3 - g**2 - 49*g - 8. What is v(21)?
6
Let a(c) = c - 3. Let g(i) = 5*i - 14. Let y be (-73 + 69)*3/2. Let h(k) = y*a(k) + g(k). Determine h(8).
-4
Let w = -60 + 80. Suppose 2*a + 4*m + 32 = -2*a, 0 = 4*m + w. Let f(j) = 3*j**2 - 13*j - 1. Let u(c) = -2*c**2 + 7*c. Let l(k) = 3*f(k) + 5*u(k). What is l(a)?
0
Suppose -5008*w = -5029*w + 168. Let p(f) = 2*f**2 - 17*f + 5. What is p(w)?
-3
Let r(h) = 2*h**3 - 3*h**2 + 2*h - 1. Let d be r(2). Let z(g) = 17*g**2 + 8 - 3*g + 9*g + g**3 - 45*g**2 + 20*g**2. Determine z(d).
1
Let k(z) = -z**3 + 2*z**2 - z + 3. Let a = 135 + -80. Let r(y) = -12*y + 100. Let s be r(4). Let v = a - s. Determine k(v).
-9
Let s = 17 + -15. Let z(h) = -h**2 + h - 3*h + s*h + 2. Let m(w) = w**2 + 10*w + 7. Let u be m(-9). Calculate z(u).
-2
Let y(h) = -13*h + 56. Suppose 4*k - 166 = -3*w - 136, -k + 16 = 5*w. What is y(k)?
-22
Let k = -11612 + 11609. Let c(l) = -22*l - 3. Calculate c(k).
63
Let u(y) = -y + 1. Let j(t) = 11*t - 6. Let f(w) = -2*j(w) - 14*u(w). Let m be 43/258 - (-2)/(-12). Suppose m = -q - 124 + 126. Calculate f(q).
-18
Let c(g) = 2*g**2 + 44*g + 47. Let n = -11938 - -11917. Determine c(n).
5
Let g(t) = -8*t + 12. Let z(d) = -20*d + 26. Let n(w) = 14*g(w) - 6*z(w). Calculate n(-2).
-4
Let i be 2 + 2 + 0/(-6). Suppose -3*c + 29 = 5*s, 2*c - i*s + s + 6 = 0. Let z(u) = -c*u**3 + 11*u**2 - 1 - 12*u**2 + u + 0 + 12*u**3. Calculate z(1).
8
Let x(d) = -d - 1. Let m be (-16)/10*(-10)/4. Let n be m/(-8) + 25/10. Suppose l + 3 = n. Give x(l).
0
Let i(w) be the second derivative of -5*w**4/12 + w**3/3 + 5*w**2 - 1847*w - 2. What is i(-3)?
-41
Suppose -88*p + 63 = -79*p. Suppose -4*l + 14 = -5*d + 4*d, 5*l - 21 = 3*d. Suppose 2*m = -p + l. Let x(t) = 2*t**2 + 2*t - 2. Calculate x(m).
2
Let s be (6 + 11)/((65/(-10) + 6)*2). Let q(g) = -g**2 - 22*g - 91. Give q(s).
-6
Let f be -4*3/(-2) - -42. Suppose 5*a - f = -11*a. Let i(o) = -o - 4. Calculate i(a).
-7
Let x(j) = 14*j - 1039 + 2073 - 1038. Suppose -15*i - 5 + 20 = 0. Determine x(i).
10
Let d(j) be the first derivative of j**2/2 - 4*j - 88. Let l be (24/(-20))/(1/(-5)). Let x be d(l). Let m(i) = -2*i**3 + 3*i**2 - i + 1. What is m(x)?
-5
Let z(i) be the second derivative of i**3/3 + 9*i**2/2 + 14*i - 69. Give z(-6).
-3
Let j(v) = -v**3 + 4*v**2 + 2*v - 3. Suppose -78 + 18 = -6*g. Let f be 44/g - (-16)/(-200)*5. Determine j(f).
5
Let i(u) = u**3 - 12*u**2 + 2*u + 1. Let o(w) = -w**2 - w. Let j(h) = -i(h) - 2*o(h). Let n = -6240 + 6254. What is j(n)?
-1
Let y(v) = -2*v**2 + 47*v + 62. Let a be 0 - (1 + (-20 - -7)*2). Determine y(a).
-13
Suppose -y - 3*v + 15 = -0*v, 0 = 5*y + 5*v - 65. Let c be ((14/(-4))/(-1))/(y/24). Let n(d) = -5*d**3 - 18*d**3 - 8*d**2 + 7*d + 24*d**3. Calculate n(c).
0
Let m(k) = -29*k - 1192. Let c be m(-41). Let j(u) = 4*u**2 - 7*u - 8. Give j(c).
49
Let f(m) = -13*m**3 - 24*m**2 - 31*m - 44. Let y(v) = -v**3 + 15*v + 9 + 14 + 8*v**3 + 9*v**2 - 5*v**2 + 8*v**2. Let c(w) = -6*f(w) - 11*y(w). Determine c(-10).
1
Let b(i) = -17*i**2 - 23*i**2 + 1 - 87*i**3 - 18*i**2 + 55*i**2. What is b(-1)?
85
Let o(m) be the second derivative of m**8/6720 - m**7/840 - 11*m**6/720 - m**5/30 + 67*m**4/4 - 238*m. Let j(w) be the third derivative of o(w). Calculate j(5).
-9
Let i(t) be the second derivative of -t**5/20 - 7*t**4/3 - 26*t**3/3 + 3*t**2 - t + 1439. What is i(-26)?
6
Let b = 6 + -3. Let f(v) = 9*v + 83. Let i be f(-9). Let t(n) = 3*n**b + i*n + 4 + 2*n**3 - 4*n - 4*n**3 - 5*n**2. What is t(5)?
-6
Let y(n) = -21 - 25 - 1744*n + 1749*n. What is y(7)?
-11
Suppose 5*m - 10*m + 22 = 2*a, -4*a - 8 = -3*m. Suppose m*h + 6 = 5*l, 28 = -5*l + l - 5*h. Let w(y) = y - 1. What is w(l)?
-3
Let r be 21*-1*(-14 - -1). Let j = 256 - r. Let g(h) = -h**2 - 18*h - 21. Determine g(j).
-4
Let k(g) be the second derivative of 1/2*g**3 - 14*g + 1/3*g**4 + 2 + 1/20*g**5 - 2*g**2. Determine k(-4).
-16
Let s(q) = -81*q + 2*q**2 + 2 + 35*q + 39*q - q**2. Let f be s(5). Let i(b) = b**2 + 8*b - 9. Give i(f).
-9
Let u(t) = 21*t**2 + 11*t - 7. Let a(x) = -190*x**2 + 85*x**2 + 3 - 5*x + 95*x**2. Let m(w) = 9*a(w) + 4*u(w). Calculate m(-1).
-6
Suppose -89*l - 17*l = -848. Let k(x) = -13*x + 99. What is k(l)?
-5
Let f(n) = -60*n + 13. Let g(k) = 2*k**2 + 172*k - 907. Let b be g(5). Calculate f(b).
-167
Let s be 468/72 + 1/2. Let q(n) = -s*n**2 - 3*n + 2*n**2 - 4 + 3 + 2*n**2. Calculate q(-2).
-7
Let p(i) be the third derivative of 0*i - 1/2*i**3 + 0 - 4*i**2 - 1/24*i**4. Let t(l) = -7*l + 24. Let d be t(4). Give p(d).
1
Let q(h) = -7*h + 26. Let i = -14299 + 14303. Calculate q(i).
-2
Let f = 159 + -160. Let z be (23/(-23))/(f/(-6)). Let r(j) = j**3 + 7*j**2 + 6*j + 9. What is r(z)?
9
Let s = 4700 - 4713. Let k(a) = -3*a**2 - 41*a - 17. Give k(s).
9
Let u be ((-15)/6 + 2 + 1)*-84. Let a = -49 - u. Let t(n) be the second derivative of n**4/12 + 5*n**3/6 - 2*n**2 - 19*n. Give t(a).
10
Suppose -46*f - 60 - 78 = 0. Let o(w) = w**3 + 4*w**2 + 4*w. Determine o(f).
-3
Let z(b) = -b**3 + 2*b**2 + 11*b + 7. Let c(l) = -l**2 - 3*l + 33. Let p be c(4). What is z(p)?
-13
Let r(f) = 5*f - 18. Let k be r(3). Let g(h) = h + 5. Let i(q) = -1. Let y(d) = g(d) + 2*i(d). Calculate y(k).
0
Suppose -404 + 248 = 528*g - 3852. Let d(q) = 0*q**2 + q**3 - 3*q**2 - 8*q - 8 - 2*q**2. What is d(g)?
34
Let m(s) = 10*s - 31. Let l(b) = -2*b + 3. Let f(c) = -6*l(c) - m(c). Determine f(-3).
7
Let f(z) = -11*z - 3. Let l(k) = 3*k - 2. Let o(u) = -f(u) - 4*l(u). Let g be o(9). Let y(t) = t**3 + 4*t**2 - 3*t + 1. Calculate y(g).
19
Let t = -4794 - -8350. Let o(b) = 3556*b - b**2 - t*b + 9. Calculate o(0).
9
Let z(h) = h**2 - 31*h + 91. Suppose -49*g + 1562 - 182 - 57 = 0. Give z(g).
-17
Suppose 2*x - 6*w = 54, w + 24 = 16. Let k(p) = 29*p - 47. What is k(x)?
40
Let c(i) be the second derivative of -i**5/20 + 19*i**4/12 - i**3/3 + 25*i**2/2 - 3053*i - 1. Determine c(19).
-13
Let w(d) = d**3 - 9*d**2 - 11*d - 4. Let y(v) = v**3 + 7*v**2 - 2*v - 36. Let b be y(-5). Let s(t) = -t + 34. Let i be s(b). Calculate w(i).
-14
Suppose n - 1 = -0*n. Let k be 1 - (2 - 0) - n. Let x(l) = 4440*l - 4*l**2 - l**3 - 8883*l + 4442*l - 1. What is x(k)?
-7
Let s = 67 - 65. Let y(r) = -123*r**2 + 43*r**2 + 42*r**s - r + 37*r**2. Let l(w) = 2*w**2 - 2. Let q(k) = -l(k) - 3*y(k). Calculate q(-5).
12
Suppose 22*v - 21*v + 5 = -t, -2*v + t = -5. Let x(n) be the first derivative of -n**4/4 - 2*n**3/3 + n**2 + 4*n + 102. What is x(v)?
4
Suppose -4620 = 338*o - 327*o. Let j = 422 + o. Let c(k) = 4*k**2 + 2*k - 1. Determine c(j).
19
Let s be ((-26)/4)/((-3)/6). Suppose c - s = 2*o - 6*o, 0 = 2*c + 6. Suppose -2 = -3*a + o. Let q(n) = 2*n**2 - 2*n - 2. What is q(a)?
2
Let a(k) be the first derivative of k**3/3 - 13*k**2/2 + 16*k - 628. Determine a(12).
4
Let x(t) = t**3 + 11*t**2 - t - 13. Let q be ((-972)/20 - -4) + 3/5. Let r = -38 - q. Suppose -v - 14 = a, -3*v + 2*a - 21 = r. Determine x(v).
-2
Let s(r) = -r + 25*r**2 - r - 7*r + 21 - 1653*r**3 + 817*r**3 + 832*r**3. What is s(6)?
3
Let k(a) = 3*a - 4. Suppose -624 = -16*v - 48. Suppose 75*i + v = 81*i. What is k(i)?
14
Suppose 0 = 3*s - 11 - 7. Let h = -29 - -15. Let a = s + h. Let v(u) = -u**2 - 9*u - 4. What is v(a)?
4
Let w(p) = p + 1. Suppose 8*x - i - 24 = 3*x, 0 = -5*x - 2*i + 12. Let d(z) = -11*z + 48. Let f be d(x). What is w(f)?
5
Let i(v) be the third derivative of 0*v + 1/120*v**6 + 42*v**2 + 0 - 1/4*v**4 + 1/10*v**5 + 0*v**3. Let q be (-13)/2 - (-1)/(-2). Calculate 